e factors of 315307.
23, 13709
List the prime factors of 460029.
3, 153343
List the prime factors of 5522074.
2, 101, 27337
List the prime factors of 2487913.
73, 173, 197
List the prime factors of 772382.
2, 13, 61, 487
What are the prime factors of 2047179?
3, 47, 14519
What are the prime factors of 385520?
2, 5, 61, 79
What are the prime factors of 49189?
7, 7027
List the prime factors of 3315473.
7, 23, 20593
What are the prime factors of 560275?
5, 73, 307
List the prime factors of 12938514.
2, 3, 521, 4139
What are the prime factors of 44673?
3, 14891
List the prime factors of 8565573.
3, 449, 6359
List the prime factors of 1117223.
17, 65719
List the prime factors of 7949491.
11, 83, 8707
What are the prime factors of 33219301?
59, 563039
List the prime factors of 17213945.
5, 7, 17, 4133
List the prime factors of 22954.
2, 23, 499
What are the prime factors of 4084235?
5, 816847
List the prime factors of 10799855.
5, 11, 17851
List the prime factors of 2131105.
5, 89, 4789
List the prime factors of 2573772.
2, 3, 214481
What are the prime factors of 1361610?
2, 3, 5, 41
List the prime factors of 106223.
13, 8171
What are the prime factors of 2823371?
2823371
What are the prime factors of 6772898?
2, 11, 307859
What are the prime factors of 6379148?
2, 17, 93811
List the prime factors of 16317174.
2, 3, 2719529
What are the prime factors of 3639726?
2, 3, 229, 883
List the prime factors of 6480251.
6480251
What are the prime factors of 158526?
2, 3, 8807
What are the prime factors of 1249634?
2, 53, 11789
List the prime factors of 234177.
3, 78059
List the prime factors of 92718.
2, 3, 17, 101
What are the prime factors of 1536195?
3, 5, 47, 2179
List the prime factors of 140177.
140177
List the prime factors of 2872340.
2, 5, 143617
What are the prime factors of 3829869?
3, 83, 1709
List the prime factors of 4311821.
31, 139091
What are the prime factors of 8879830?
2, 5, 643, 1381
List the prime factors of 4583268.
2, 3, 17, 7489
List the prime factors of 3793914.
2, 3, 210773
What are the prime factors of 193425?
3, 5, 2579
List the prime factors of 174696.
2, 3, 29, 251
What are the prime factors of 327577?
31, 10567
What are the prime factors of 256759?
97, 2647
List the prime factors of 18147.
3, 23, 263
List the prime factors of 19710363.
3, 107, 61403
List the prime factors of 53213.
127, 419
What are the prime factors of 15517429?
809, 19181
List the prime factors of 792807.
3, 264269
List the prime factors of 26405521.
31, 151, 5641
What are the prime factors of 1076742?
2, 3, 41, 1459
List the prime factors of 6128604.
2, 3, 170239
List the prime factors of 2847250.
2, 5, 7, 1627
List the prime factors of 340967.
11, 139, 223
List the prime factors of 2569955.
5, 513991
What are the prime factors of 1957925?
5, 78317
List the prime factors of 3667412.
2, 7, 227, 577
What are the prime factors of 394872?
2, 3, 16453
List the prime factors of 1126597.
1126597
List the prime factors of 6827474.
2, 3413737
What are the prime factors of 84859?
84859
List the prime factors of 3387927.
3, 43, 26263
What are the prime factors of 313874?
2, 11, 1297
List the prime factors of 438054.
2, 3, 73009
What are the prime factors of 2037408?
2, 3, 19, 1117
List the prime factors of 1916156.
2, 11, 37, 107
List the prime factors of 13026043.
13026043
What are the prime factors of 287628?
2, 3, 11, 2179
What are the prime factors of 74179?
7, 10597
List the prime factors of 647885.
5, 7, 107, 173
List the prime factors of 9894437.
7, 139, 10169
What are the prime factors of 4091165?
5, 13, 113, 557
List the prime factors of 210604.
2, 37, 1423
List the prime factors of 623980.
2, 5, 7, 4457
What are the prime factors of 1073233?
7, 153319
List the prime factors of 8735551.
11, 794141
List the prime factors of 234002.
2, 23, 5087
What are the prime factors of 138362?
2, 7, 9883
What are the prime factors of 4299786?
2, 3, 238877
What are the prime factors of 337932?
2, 3, 7, 149
List the prime factors of 1836544.
2, 17, 211
List the prime factors of 655967.
13, 50459
What are the prime factors of 1516820?
2, 5, 149, 509
List the prime factors of 15324350.
2, 5, 47, 6521
What are the prime factors of 705292?
2, 7, 25189
What are the prime factors of 202571?
167, 1213
List the prime factors of 4426678.
2, 43, 51473
What are the prime factors of 230377?
7, 32911
What are the prime factors of 1292820?
2, 3, 5, 29, 743
What are the prime factors of 114301?
11, 10391
What are the prime factors of 131986?
2, 65993
List the prime factors of 1262873.
19, 66467
List the prime factors of 4917056.
2, 76829
List the prime factors of 242093.
242093
What are the prime factors of 279394?
2, 139697
What are the prime factors of 15383622?
2, 3, 2563937
What are the prime factors of 1048655?
5, 131, 1601
List the prime factors of 112573.
112573
List the prime factors of 3322391.
569, 5839
What are the prime factors of 12231100?
2, 5, 7, 101, 173
What are the prime factors of 1656894?
2, 3, 271, 1019
What are the prime factors of 149586?
2, 3, 107, 233
What are the prime factors of 1276604?
2, 7, 127, 359
List the prime factors of 2547416.
2, 17, 18731
What are the prime factors of 81943?
81943
What are the prime factors of 1055841?
3, 71, 4957
What are the prime factors of 492697?
41, 61, 197
List the prime factors of 406670.
2, 5, 11, 3697
List the prime factors of 11229471.
3, 11, 31, 3659
List the prime factors of 164581.
164581
What are the prime factors of 522305?
5, 7, 14923
What are the prime factors of 122907?
3, 53, 773
What are the prime factors of 438041?
43, 61, 167
List the prime factors of 219424.
2, 6857
List the prime factors of 66788.
2, 59, 283
What are the prime factors of 6372404?
2, 103, 15467
List the prime factors of 18894422.
2, 9447211
List the prime factors of 636990.
2, 3, 5, 17, 1249
List the prime factors of 305816.
2, 7, 43, 127
List the prime factors of 13010839.
19, 691, 991
List the prime factors of 895004.
2, 11, 20341
List the prime factors of 3766675.
5, 11, 13697
List the prime factors of 1641542.
2, 7, 37, 3169
List the prime factors of 668220.
2, 3, 5, 7, 37, 43
What are the prime factors of 2849558?
2, 1424779
What are the prime factors of 259531?
259531
List the prime factors of 1854932.
2, 19, 24407
What are the prime factors of 2025122?
2, 11, 92051
What are the prime factors of 1518989?
23, 211, 313
What are the prime factors of 108472?
2, 7, 13, 149
What are the prime factors of 289375?
5, 463
What are the prime factors of 40614239?
29, 103, 13597
List the prime factors of 9535715.
5, 7, 272449
List the prime factors of 21974531.
2789, 7879
List the prime factors of 4345144.
2, 543143
List the prime factors of 4516176.
2, 3, 7, 13441
What are the prime factors of 2893636?
2, 723409
List the prime factors of 1729517.
1729517
List the prime factors of 18017314.
2, 7, 17, 75703
What are the prime factors of 4920753?
3, 19, 131, 659
List the prime factors of 8296528.
2, 518533
What are the prime factors of 1687126?
2, 7, 37, 3257
What are the prime factors of 131319?
3, 14591
List the prime factors of 585606.
2, 3, 7, 73, 191
What are the prime factors of 608271?
3, 202757
What are the prime factors of 323947?
13, 24919
List the prime factors of 28707.
3, 7, 1367
What are the prime factors of 1455522?
2, 3, 367, 661
List the prime factors of 422085.
3, 5, 19, 1481
What are the prime factors of 5417429?
37, 146417
List the prime factors of 4651034.
2, 2325517
What are the prime factors of 427714?
2, 7, 137, 223
List the prime factors of 152739.
3, 5657
List the prime factors of 9374257.
9374257
List the prime factors of 132766.
2, 66383
What are the prime factors of 11578599?
3, 97, 4421
What are the prime factors of 951503?
7, 135929
List the prime factors of 1235635.
5, 421, 587
What are the prime factors of 3861312?
2, 3, 7, 13, 17
List the prime factors of 350844.
2, 3, 13, 173
List the prime factors of 421719.
3, 17, 8269
What are the prime factors of 2931009?
3, 43, 22721
List the prime factors of 9897509.
2819, 3511
What are the prime factors of 340735?
5, 68147
What are the prime factors of 5594186?
2, 13, 215161
List the prime factors of 14767425.
3, 5, 65633
What are the prime factors of 674238?
2, 3, 103, 1091